9 is divided by f.
34
Suppose 0 = -7*o - 662 + 746. What is the remainder when 179 is divided by o?
11
Let d = 37 - 16. Calculate the remainder when 3 + -5 - -21*3 is divided by d.
19
Let z be (-1)/(-3 + (-88)/(-30)). Suppose -m - 5*g + z = 3*m, -m + 2*g + 20 = 0. Calculate the remainder when m is divided by 4.
2
Let a(c) = 6*c**2 + 26*c + 13. What is the remainder when 164 is divided by a(-5)?
32
Let s be 1*(-4 - -4)/1. Suppose 4*h + 5*q + 19 = s, -10 = -4*h - h + 5*q. Calculate the remainder when 81 is divided by (-1 - (-2 - -22))*h.
18
Let l = 592 + -580. Calculate the remainder when 635 is divided by l.
11
Suppose -y + 102 = -0*y - t, -3*y + 4*t = -306. What is the remainder when y is divided by 35?
32
What is the remainder when (9/(-4))/((-1148)/(-192) - 6) is divided by 8?
4
Suppose 3 - 819 = -2*a + 2*x, -3*a + 1229 = -4*x. What is the remainder when a is divided by 37?
33
Let q = -10 - -27. Let g = -1027 - -1033. What is the remainder when q is divided by g?
5
Let k(w) be the first derivative of w**3/3 + 5*w**2/2 - 4*w + 7. Let j be k(-6). Calculate the remainder when j - (-28 - (-2 + -1)) is divided by 15.
12
Let f(z) = -6*z - 7. Let h be f(-2). Suppose h*a - 50 = 5*p, a + 37 = 4*a + 4*p. What is the remainder when 76 is divided by a?
10
What is the remainder when 444/18*((-4)/(-2) + 10) is divided by 15?
11
Let d(x) = x**3 + 6*x**2 + x + 17. Let f(b) = 7*b - 5. Let m be 22/4 + (-5)/10. What is the remainder when f(m) is divided by d(-6)?
8
Let z(f) be the third derivative of f**6/120 - f**4/6 + f**3/3 + 5*f**2. Let c(r) = -3*r - 1. What is the remainder when z(4) is divided by c(-6)?
16
Let a = -38 + 100. What is the remainder when 122 is divided by a?
60
Let y(x) = -x + 17. Let v be y(12). Suppose 51 = v*q - 209. Calculate the remainder when 206 is divided by q.
50
Calculate the remainder when 42 + (-5 - (-20)/5) is divided by 7/1 + -3 - -10.
13
Suppose -15*a - 4 = -16*a. Suppose 3*k = 5*n - 239, k = a*n - 4*k - 186. What is the remainder when n is divided by 26?
23
Let a(t) = -t**2 + 8*t - 9. Let k be a(6). Suppose -2*c + 6*c = 2*x + 16, -k*c + 3 = 3*x. Calculate the remainder when (-54)/c*(-3)/9 is divided by 4.
2
Suppose j - 2*k = 57, -j + 240 = 3*j + 4*k. What is the remainder when 645 is divided by j?
55
Suppose -69*d = -63*d - 66. Calculate the remainder when 97 is divided by d.
9
Let a be (-6)/6*(-13)/1. Let q = 13 - a. What is the remainder when 40 is divided by (1 - q)*(28 + -7)?
19
Let u(v) = -v**3 + v - 1. Let l = 2 + 6. Calculate the remainder when l is divided by u(-2).
3
Let s(y) = 2*y - 12. Let b be s(9). Suppose -10*w + b*w + 512 = 0. What is the remainder when w is divided by 26?
24
Let i(z) = z**2 + 3*z + 3. Let n be i(-5). Suppose n - 1 = v. Suppose -3*s + 0 + 66 = 0. What is the remainder when s is divided by v?
10
Suppose -42 = -2*q + 17*r - 12*r, 0 = -3*q + r + 76. What is the remainder when q is divided by 17?
9
Let s = 3 - 8. What is the remainder when (-11)/55 + (-151)/s is divided by 11?
8
Let o = -543 - -765. What is the remainder when o is divided by 39?
27
Suppose -108*k - 128 = -110*k. Calculate the remainder when k is divided by 14.
8
Let c = -9 + 15. Let p = -1 + -62. Let u = -48 - p. Calculate the remainder when u is divided by c.
3
Calculate the remainder when 1*58 + 0 + (-3 - -3) is divided by 13.
6
Suppose 0 = 4*c - 5*c + 13. Calculate the remainder when 166 is divided by c.
10
Let v(d) = 24*d**2 - 3 + 6*d + 4*d - 25*d**2. What is the remainder when 71 is divided by v(7)?
17
Let m(r) = 2*r**2 + 18*r - 236. What is the remainder when m(-21) is divided by 72?
52
Suppose 1123 = 3*t + 5*n + 267, -5*t + 1416 = 3*n. Let r = -2 + 13. What is the remainder when 2/(-6) + t/9 is divided by r?
9
Suppose 2*y = 5*f + 42 - 142, 2*f + 3*y = 40. Calculate the remainder when 254 is divided by f.
14
Suppose 5*w + 4*w = 891. What is the remainder when w is divided by 27?
18
Suppose 8*o = 5*o + 27. Suppose -u + 60 - o = 0. What is the remainder when u is divided by 26?
25
Let u(m) = m**3 - 14*m**2 - 15*m + 23. Let k be u(15). Suppose 18*s + 290 = k*s. Calculate the remainder when s is divided by 15.
13
Suppose 105 = -r + 329. Suppose a = 5*s + 29 + 5, 2*s = -4*a + r. What is the remainder when a is divided by 28?
26
Let k = 407 - 319. What is the remainder when k is divided by 77?
11
Suppose -2*l + 1 = -4*d - 83, 0 = 5*l - 5*d - 215. Let g = l + -15. What is the remainder when g is divided by 15?
14
Let g = 294 - 127. Let w = 265 - g. What is the remainder when w is divided by 29?
11
Suppose f = 2*f - 2*l - 12, 3*l + 45 = 3*f. Suppose -5*a + 3*n + 25 = 0, 0 = 2*a + 4*n - f - 18. Calculate the remainder when 31 is divided by a.
7
Suppose -4*r = -k - 2*k - 172, 30 = r - 4*k. Let c = r - 11. What is the remainder when c is divided by (-2)/(-8) - 70/(-8)?
8
Suppose 654 = -161*g + 2746 + 2416. Suppose 2*k - 180 = -5*a, 3*k + 3*a - 268 = 20. Calculate the remainder when k is divided by g.
16
Calculate the remainder when -1 - 981/(-11) - (-24)/(-132) is divided by 10.
8
Let g(b) = b**2 - 2*b + 0 + 6 + 0. Let a be ((-25)/4 - -1) + (-81)/108. What is the remainder when g(a) is divided by 14?
12
Let y = -33 - -54. Let l be 4/16 + (-494)/(-8). Suppose -5 = 5*u, 4*w - l - 267 = u. What is the remainder when w is divided by y?
19
Let h(b) = b**3 - 4*b**2 + b + 1. Let m be h(4). Suppose -3 = -m*f + 17. Suppose 0 = f*t - 343 + 83. What is the remainder when t is divided by 17?
14
Let h = 28 - 12. Suppose -58*o = -65*o + 306 + 114. Calculate the remainder when o is divided by h.
12
Suppose 2*n = 4*k + n - 2424, 0 = -4*k - n + 2416. Suppose -k = -11*p + 6*p. What is the remainder when p is divided by 31?
28
Let x be (-4 - -2)*(-70)/(-28). Calculate the remainder when (-42)/(-4) - (-2)/(-4) is divided by 0 - (-3)/x*-1*5.
1
Let z = 137 + -96. Suppose 0*b + 176 = 2*b. Let h = b - 74. Calculate the remainder when z is divided by h.
13
Suppose 212 = 4*k + 3*i, -143*i + 139*i = k - 40. What is the remainder when 1230 is divided by k?
54
Let o be (30/(-25))/((-2)/60). Suppose -o = 6*v + 18. Let d = v + 17. Calculate the remainder when 39 is divided by d.
7
Suppose 3*a + 850 = 877. What is the remainder when 49 is divided by a?
4
Suppose 0 = -5*m - 0*h - h + 150, 0 = -5*h. Calculate the remainder when 3/(-1)*(-850)/m is divided by 28/8*(-220)/(-35).
19
Let y(r) = 17*r**3 - r**2 - 1. What is the remainder when y(2) is divided by 31?
7
Let f(m) = 3*m**2 + 7*m - 6. Let j be ((-7)/((-63)/(-6)))/((-4)/(-24)). Calculate the remainder when f(j) is divided by 8.
6
Suppose 3*z = 2*z + 4*g - 76, -2*z - 2*g = 112. Let m = -40 - z. Let s = 25 - m. Calculate the remainder when 12 is divided by s.
2
Let t(k) = -k**2 + 17*k - 51. Calculate the remainder when 17 is divided by t(5).
8
Let t = 84 - -1. Suppose -20 = 5*f - 0*f. What is the remainder when t is divided by (-2)/f*52 + 3?
27
Let q be (-2)/(-1 - (-5)/3). Let a = 12 + q. Suppose 5*p + 2*z = -2*z + 191, -4*p - 5*z = -160. What is the remainder when p is divided by a?
8
Let u = 77 + -54. Let w(z) = 24*z**2 - 63*z**2 + 21*z**2 - 15 + 17*z**2 - 10*z. What is the remainder when u is divided by w(-7)?
5
Let o = -88 - -40. Calculate the remainder when o*((15/(-3))/1 - -1) is divided by 39.
36
What is the remainder when 136 is divided by 27/18 + 89/2?
44
Suppose 905 = -2*v + 959. Calculate the remainder when 215 is divided by v.
26
Let j = -913 - -931. What is the remainder when 1312 is divided by j?
16
Let i(t) = 1 - 4*t**2 - t**2 + 9*t**2 - 2*t**2 + 11*t. Suppose 34 = b + 4*u, 5*b = -5*u + 126 - 1. What is the remainder when i(-9) is divided by b?
20
Let j = -2 - -7. Let f = -31 + 106. Suppose f = 5*v - j*h, -2*v + 4*h = v - 41. What is the remainder when v is divided by 7?
5
Let v(r) be the third derivative of r**4/24 + 11*r**3/6 - 3*r**2. Let b be v(-7). What is the remainder when 17 is divided by (40/15)/(b/6)?
1
Suppose 0 = -18*h + 2496 - 192. Suppose 5*r + h = 7*r. Calculate the remainder when 255 is divided by r.
63
Let t(m) = 34*m - 30. Calculate the remainder when 210 is divided by t(3).
66
Let t be (-1)/3 + 35/15. Suppose t*u + 70 = 3*u - x, -4*u + x = -265. Suppose 5 = -3*r + u. What is the remainder when r is divided by 11?
9
Let m = -1 - -3. Suppose a + 41 = m*a. Suppose 7*g - 28 = 21. Cal